65?
True
Is 37 a factor of 135435?
False
Is 98638 a multiple of 2?
True
Does 10 divide 46500?
True
Is 181827 a multiple of 200?
False
Is 17 a factor of 45638?
False
Is 33 a factor of 11485213?
False
Is 12 a factor of 816192?
True
Is 22 a factor of 2817804?
True
Is 19 a factor of 1832251?
False
Is 18 a factor of 89298?
True
Is 173 a factor of 158295?
True
Does 14 divide 357117?
False
Is 15 a factor of 1160964?
False
Is 93 a factor of 7520538?
True
Is 11 a factor of 1869637?
True
Is 32 a factor of 49039?
False
Is 1104435 a multiple of 27?
True
Is 34 a factor of 4623150?
True
Is 6 a factor of 226992?
True
Is 8 a factor of 140792?
True
Is 15025082 a multiple of 16?
False
Is 177 a factor of 153023?
False
Is 19908728 a multiple of 12?
False
Does 26 divide 230562?
False
Is 25 a factor of 1208000?
True
Is 8 a factor of 54680?
True
Is 180 a factor of 436500?
True
Is 11811559 a multiple of 944?
False
Is 22 a factor of 1918990?
False
Does 59 divide 382373?
False
Does 39 divide 4509141?
True
Does 14 divide 25060?
True
Is 342275 a multiple of 25?
True
Is 90 a factor of 266289?
False
Is 10 a factor of 1012717?
False
Is 69 a factor of 593873?
False
Does 238 divide 1118556?
False
Does 149 divide 410659?
False
Is 970766 a multiple of 7?
False
Is 7271877 a multiple of 807?
True
Does 11 divide 6920?
False
Does 10 divide 160224?
False
Does 132 divide 9111564?
True
Is 74 a factor of 1448312?
False
Is 569 a factor of 286228?
False
Is 261 a factor of 3072855?
False
Is 473865 a multiple of 666?
False
Does 10 divide 32627?
False
Is 8812320 a multiple of 40?
True
Does 6 divide 96810?
True
Is 9 a factor of 88731?
True
Does 589 divide 578987?
True
Is 540566 a multiple of 695?
False
Is 231 a factor of 682621?
False
Is 1723 a factor of 1563368?
False
Is 976863 a multiple of 353?
False
Is 305116 a multiple of 28?
True
Does 8 divide 771120?
True
Does 977 divide 9991921?
False
Is 10272206 a multiple of 29?
True
Does 134 divide 166026?
True
Is 3139359 a multiple of 5?
False
Does 96 divide 8256?
True
Is 378438 a multiple of 15?
False
Is 450853 a multiple of 796?
False
Does 18 divide 19761853?
False
Is 116588 a multiple of 99?
False
Does 143 divide 196428?
False
Is 37 a factor of 314622?
False
Is 200 a factor of 7950400?
True
Does 6 divide 516403?
False
Does 892 divide 121312?
True
Is 767040 a multiple of 30?
True
Is 53 a factor of 339306?
True
Is 6 a factor of 2639603?
False
Is 2051487 a multiple of 19?
True
Is 17 a factor of 159094?
False
Is 14835135 a multiple of 35?
True
Is 115 a factor of 13110?
True
Does 12 divide 4118220?
True
Is 3779435 a multiple of 102?
False
Is 12 a factor of 27206998?
False
Is 298426 a multiple of 63?
False
Is 2262545 a multiple of 19?
False
Does 2 divide 45999?
False
Is 3 a factor of 10020?
True
Does 6 divide 481668?
True
Is 11 a factor of 1892275?
True
Does 278 divide 8958041?
False
Is 443800 a multiple of 634?
True
Is 939 a factor of 3811186?
False
Does 15 divide 562001?
False
Is 528066 a multiple of 77?
True
Is 21 a factor of 193988?
False
Is 3883857 a multiple of 346?
False
Is 1432437 a multiple of 46?
False
Is 68752 a multiple of 8?
True
Does 12 divide 5650032?
True
Is 75390 a multiple of 42?
True
Is 88 a factor of 1928784?
True
Does 73 divide 1082991?
False
Does 28 divide 631848?
True
Does 1361 divide 1861848?
True
Is 29881 a multiple of 4?
False
Is 10 a factor of 2214210?
True
Is 148 a factor of 226440?
True
Is 134 a factor of 734856?
True
Does 285 divide 388740?
True
Is 111 a factor of 3468024?
False
Is 6 a factor of 161226?
True
Is 5625110 a multiple of 27?
False
Is 46 a factor of 132986?
True
Is 41 a factor of 160802?
True
Does 14 divide 281974?
True
Is 15701958 a multiple of 167?
False
Is 244 a factor of 95160?
True
Does 48 divide 50599?
False
Does 11 divide 25030?
False
Is 11 a factor of 8398005?
True
Is 12 a factor of 128676?
True
Is 1314100 a multiple of 425?
True
Is 29760 a multiple of 15?
True
Does 277 divide 243441?
False
Is 32 a factor of 488231?
False
Is 309414 a multiple of 417?
True
Is 9068029 a multiple of 842?
False
Is 3585752 a multiple of 177?
False
Does 13 divide 36674?
False
Is 126 a factor of 733572?
True
Is 5259811 a multiple of 113?
True
Is 6 a factor of 86249?
False
Is 538070 a multiple of 65?
True
Is 17 a factor of 26945?
True
Is 6 a factor of 587773?
False
Is 360 a factor of 3084120?
True
Does 46 divide 15607064?
True
Is 4088329 a multiple of 41?
False
Is 119427 a multiple of 166?
False
Is 233746 a multiple of 146?
True
Does 39 divide 186959?
False
Is 14 a factor of 14291347?
False
Is 4 a factor of 10259?
False
Is 7700054 a multiple of 1209?
False
Is 6538 a multiple of 7?
True
Is 64 a factor of 424320?
True
Does 3 divide 27988?
False
Is 42356 a multiple of 8?
False
Is 4017111 a multiple of 32?
False
Is 7732 a multiple of 37?
False
Is 390220 a multiple of 20?
True
Does 21 divide 493992?
False
Does 175 divide 127925?
True
Is 569338 a multiple of 77?
True
Does 13 divide 2683421?
True
Is 417884 a multiple of 25?
False
Is 20170 a multiple of 10?
True
Does 11 divide 197593?
True
Is 416 a factor of 1203859?
False
Is 14 a factor of 40250?
True
Is 40 a factor of 25080?
True
Does 27 divide 2982192?
False
Does 1128 divide 2029272?
True
Is 275660 a multiple of 5?
True
Is 2618105 a multiple of 39?
False
Is 454223 a multiple of 7?
True
Is 141 a factor of 1382082?
True
Is 3 a factor of 282264?
True
Is 80 a factor of 14880?
True
Does 148 divide 382670?
False
Does 60 divide 816036?
False
Is 4 a factor of 2576170?
False
Does 33 divide 5169054?
True
Is 10040 a multiple of 17?
False
Does 37 divide 36075?
True
Is 16 a factor of 99280?
True
Is 71 a factor of 2651779?
True
Is 721 a factor of 2582936?
False
Does 20 divide 2125255?
False
Is 15 a factor of 289313?
False
Does 135 divide 153630?
True
Does 137 divide 548274?
True
Is 24 a factor of 88416?
True
Is 15 a factor of 1191435?
True
Is 2574656 a multiple of 1075?
False
Does 50 divide 339495?
False
Is 9 a factor of 22345?
False
Is 43160 even?
True
Does 12 divide 2084964?
True
Is 117936 a multiple of 216?
True
Does 20 divide 2033394?
False
Is 1548 a factor of 11288084?
False
Is 421 a factor of 463901?
False
Is 12 a factor of 146280?
True
Does 10 divide 106576?
False
Is 664953 a multiple of 7?
False
Does 593 divide 735913?
True
Is 2797426 a multiple of 368?
False
Is 33 a factor of 1013100?
True
Does 1293 divide 1318132?
False
Does 451 divide 89298?
True
Is 115 a factor of 456103?
False
Is 5845920 a multiple of 8?
True
Is 9 a factor of 3424191?
False
Is 22 a factor of 2741354?
True
Is 1368 a factor of 5108112?
True
Is 3 a factor of 132980?
False
Is 13 a factor of 278473?
True
Is 3142 a multiple of 2?
True
Does 353 divide 942243?
False
Is 221407 a multiple of 5?
False
Is 53 a factor of 154442?
True
Does 28 divide 117124?
True
Does 7 divide 21021?
True
Does 80 divide 159760?
True
Does 13 divide 18982632?
False
Is 1012363 a multiple of 21?
False
Is 306993 a multiple of 10?
False
Is 141 a factor of 90381?
True
Is 127108 a multiple of 42?
False
Is 343158 a multiple of 7?
False
Does 36 divide 46335?
False
Does 39 divide 3121164?
False
Is 2429076 a multiple of 13?
True
Does 772 divide 1019922?
False
Does 248 divide 2787360?
False
Does 10 divide 191840?
True
Is 1332408 a multiple of 14?
True
Is 5 a factor of 196909?
False
Is 7982192 a multiple of 27?
False
Is 1468322 a multiple of 146?
True
Does 687 divide 1638495?
True
Does 306 divide 871182?
True
Is 34 a factor of 2733033?
False
Is 210084 a multiple of 183?
True
Does 58 divide 4401736?
True
Does 135 divide 1428393?
False
Does 596 divide 694803?
False
Is 3 a factor of 63048?
True
Does 428 divide 242621?
False
Is 85 a factor of 541594?
False
Is 89540 a multiple of 185?
True
Is 86482 a multiple of 341?
False
Is 83880 a multiple of 20?
True
Is 108 a factor of 1507437?
False
Does 13 divide 129951?
False
Is 99 a factor of 669910?
False
Is 21 a factor of 202902?
True
Does 19 divide 3161866?
True
Is 14 a factor of 12691952?
True
Is 25910 a multiple of 17?
False
Is 95 a factor of 572850?
True
Is 279244 a multiple of 172?
False
Is 5 a factor of 2426745?
True
Is 86 a factor of 459413?
False
Is 98965 a multiple of 27?
False
Is 2687751 a multiple of 17?
True
Does 44 divide 5274544?
True
Is 90141 a multiple of 2?
False
Does 2 divide 75070?
True
Is 20 a fac